{"id":6,"date":"2024-06-20T16:23:18","date_gmt":"2024-06-20T16:23:18","guid":{"rendered":"https:\/\/norazuhouse.wordpress.com\/about-2\/"},"modified":"2024-10-21T20:07:22","modified_gmt":"2024-10-21T20:07:22","slug":"about-2","status":"publish","type":"page","link":"https:\/\/hoggar.com.mx\/index.php\/about-2\/","title":{"rendered":"Nosotros"},"content":{"rendered":"\t\t<div data-elementor-type=\"wp-page\" data-elementor-id=\"6\" class=\"elementor elementor-6\">\n\t\t\t\t<div class=\"elementor-element elementor-element-f960c61 e-flex e-con-boxed e-con e-parent\" data-id=\"f960c61\" data-element_type=\"container\">\n\t\t\t\t\t<div class=\"e-con-inner\">\n\t\t\t\t<div class=\"elementor-element elementor-element-666e27f4 elementor-widget elementor-widget-text-editor\" data-id=\"666e27f4\" data-element_type=\"widget\" data-widget_type=\"text-editor.default\">\n\t\t\t\t<div class=\"elementor-widget-container\">\n\t\t\t\t\t\t\t<!-- wp:html -->\n<h2>Nosotros<\/h2>\n<p>\u00a0<\/p>\n<p style=\"text-align: justify;\">En <strong>HOGGAR<\/strong>, con m\u00e1s de 40 a\u00f1os de experiencia en el mercado hipotecario, nos dedicamos a ayudar a nuestros clientes a encontrar las mejores soluciones financieras.<\/p>\n<p>\u00a0<\/p>\n<p><!-- \/wp:html --><!-- wp:image {\"id\":426,\"sizeSlug\":\"large\",\"linkDestination\":\"none\",\"align\":\"wide\",\"style\":{\"color\":[]}} --><\/p>\n<figure class=\"wp-block-image alignwide size-large\"><img fetchpriority=\"high\" decoding=\"async\" width=\"1600\" height=\"1068\" class=\"wp-image-426\" src=\"https:\/\/norazuhouse.wordpress.com\/wp-content\/uploads\/2024\/07\/selective-focus-of-house-model-near-keys-and-house-2023-11-27-05-24-08-utc.jpg?w=1024\" alt=\"\" srcset=\"https:\/\/hoggar.com.mx\/wp-content\/uploads\/2024\/07\/selective-focus-of-house-model-near-keys-and-house-2023-11-27-05-24-08-utc.jpg 1600w, https:\/\/hoggar.com.mx\/wp-content\/uploads\/2024\/07\/selective-focus-of-house-model-near-keys-and-house-2023-11-27-05-24-08-utc-300x200.jpg 300w, https:\/\/hoggar.com.mx\/wp-content\/uploads\/2024\/07\/selective-focus-of-house-model-near-keys-and-house-2023-11-27-05-24-08-utc-1024x684.jpg 1024w, https:\/\/hoggar.com.mx\/wp-content\/uploads\/2024\/07\/selective-focus-of-house-model-near-keys-and-house-2023-11-27-05-24-08-utc-768x513.jpg 768w, https:\/\/hoggar.com.mx\/wp-content\/uploads\/2024\/07\/selective-focus-of-house-model-near-keys-and-house-2023-11-27-05-24-08-utc-1536x1025.jpg 1536w\" sizes=\"(max-width: 1600px) 100vw, 1600px\" \/><\/figure>\n<p><!-- \/wp:image --><!-- wp:heading {\"textAlign\":\"center\"} --><\/p>\n<h2 class=\"wp-block-heading has-text-align-center\">\u00a0<\/h2>\n<p><!-- \/wp:heading --><!-- wp:group {\"align\":\"full\",\"layout\":{\"type\":\"constrained\"}} --><\/p>\n<div class=\"wp-block-group alignfull\"><!-- wp:heading {\"textAlign\":\"center\",\"style\":{\"elements\":{\"link\":{\"color\":{\"text\":\"var:preset|color|foreground\"}}}},\"textColor\":\"foreground\"} -->\n<h2 class=\"wp-block-heading has-text-align-center has-foreground-color has-text-color has-link-color\"><strong>Quienes somos<\/strong><\/h2>\n<p>\u00a0<\/p>\n<div class=\"wp-block-jetpack-layout-grid alignfull column1-desktop-grid__span-10 column1-desktop-grid__start-2 column1-desktop-grid__row-1 column1-tablet-grid__span-8 column1-tablet-grid__row-1 column1-mobile-grid__span-4 column1-mobile-grid__row-1\">\n<div class=\"wp-block-jetpack-layout-grid-column wp-block-jetpack-layout-grid__padding-none\">\n<p style=\"text-align: justify;\"><strong>Hoggar<\/strong> es una oficina certificada de Broker Hipotecario dedicada a asesorar a nuestros clientes en la obtenci\u00f3n de cr\u00e9ditos hipotecarios ya sea para adquirir una casa habitaci\u00f3n, construir o remodelar una casa habitaci\u00f3n o para obtener un cr\u00e9dito de liquidez. Ofrecemos una atenci\u00f3n personalizada que se adapta a las necesidades espec\u00edficas de cada cliente. Contamos con el respaldo de importantes instituciones financieras para garantizar un servicio de calidad.<\/p>\n<p>\u00a0<\/p>\n<!-- \/wp:html --><\/div>\n<!-- \/wp:jetpack\/layout-grid-column --><\/div>\n<!-- \/wp:jetpack\/layout-grid --><!-- wp:media-text {\"align\":\"full\",\"mediaPosition\":\"right\",\"mediaId\":407,\"mediaLink\":\"https:\/\/norazuhouse.wordpress.com\/asesoria-profesional-en-creditos-hipotecarios\/sale-purchase-contract-to-buy-a-house-customer-sending-money-bu-8\/\",\"mediaType\":\"image\",\"mediaWidth\":69,\"verticalAlignment\":\"center\",\"imageFill\":true,\"focalPoint\":{\"x\":0.85,\"y\":0.5},\"style\":{\"color\":{\"background\":\"#d9271d\"}}} -->\n<div class=\"wp-block-media-text alignfull has-media-on-the-right is-stacked-on-mobile is-vertically-aligned-center is-image-fill has-background\" style=\"background-color: #d9271d; grid-template-columns: auto 69%;\">\n<div class=\"wp-block-media-text__content\"><!-- wp:quote -->\n<blockquote class=\"wp-block-quote\"><!-- wp:paragraph {\"placeholder\":\"Write title\u2026\",\"style\":{\"elements\":{\"link\":{\"color\":{\"text\":\"var:preset|color|background\"}}},\"typography\":{\"fontSize\":\"36px\"}},\"textColor\":\"background\"} -->\n<p class=\"has-background-color has-text-color has-link-color\" style=\"font-size: 36px; text-align: left;\">Nuestra fortaleza radica en nuestra experiencia y nuestro compromiso es poner a los clientes como nuestra m\u00e1xima prioridad.<\/p>\n<!-- \/wp:paragraph --><\/blockquote>\n<!-- \/wp:quote --><\/div>\n<figure class=\"wp-block-media-text__media\" style=\"background-image: url('https:\/\/norazuhouse.wordpress.com\/wp-content\/uploads\/2024\/07\/real-estate-agent-are-presenting-home-loan-and-sen-2023-11-27-04-49-46-utc-2.jpg?w=1024'); background-position: 85% 50%;\"><img decoding=\"async\" width=\"1600\" height=\"1007\" class=\"wp-image-407 size-full\" src=\"https:\/\/norazuhouse.wordpress.com\/wp-content\/uploads\/2024\/07\/real-estate-agent-are-presenting-home-loan-and-sen-2023-11-27-04-49-46-utc-2.jpg?w=1024\" alt=\"\" srcset=\"https:\/\/hoggar.com.mx\/wp-content\/uploads\/2024\/07\/real-estate-agent-are-presenting-home-loan-and-sen-2023-11-27-04-49-46-utc-2.jpg 1600w, https:\/\/hoggar.com.mx\/wp-content\/uploads\/2024\/07\/real-estate-agent-are-presenting-home-loan-and-sen-2023-11-27-04-49-46-utc-2-300x189.jpg 300w, https:\/\/hoggar.com.mx\/wp-content\/uploads\/2024\/07\/real-estate-agent-are-presenting-home-loan-and-sen-2023-11-27-04-49-46-utc-2-1024x644.jpg 1024w, https:\/\/hoggar.com.mx\/wp-content\/uploads\/2024\/07\/real-estate-agent-are-presenting-home-loan-and-sen-2023-11-27-04-49-46-utc-2-768x483.jpg 768w, https:\/\/hoggar.com.mx\/wp-content\/uploads\/2024\/07\/real-estate-agent-are-presenting-home-loan-and-sen-2023-11-27-04-49-46-utc-2-1536x967.jpg 1536w\" sizes=\"(max-width: 1600px) 100vw, 1600px\" \/><\/figure>\n<\/div>\n<!-- \/wp:media-text --><!-- wp:spacer {\"height\":\"32px\",\"width\":\"0px\",\"style\":{\"layout\":[]}} -->\n<div class=\"wp-block-spacer\" style=\"height: 32px; width: 0px;\" aria-hidden=\"true\">\u00a0<\/div>\n<!-- \/wp:spacer --><!-- wp:jetpack\/layout-grid {\"column1DesktopSpan\":5,\"column1DesktopOffset\":1,\"column1TabletSpan\":4,\"column1MobileSpan\":4,\"column2DesktopSpan\":5,\"column2TabletSpan\":4,\"column2MobileSpan\":4,\"column3DesktopSpan\":4,\"column3DesktopOffset\":1,\"column3TabletSpan\":8,\"column3MobileSpan\":4,\"align\":\"full\",\"className\":\"column1-desktop-grid__span-5 column1-desktop-grid__start-2 column1-desktop-grid__row-1 column2-desktop-grid__span-5 column2-desktop-grid__start-7 column2-desktop-grid__row-1 column1-tablet-grid__span-4 column1-tablet-grid__row-1 column2-tablet-grid__span-4 column2-tablet-grid__start-5 column2-tablet-grid__row-1 column1-mobile-grid__span-4 column1-mobile-grid__row-1 column2-mobile-grid__span-4 column2-mobile-grid__row-2\"} -->\n<div class=\"wp-block-jetpack-layout-grid alignfull column1-desktop-grid__span-5 column1-desktop-grid__start-2 column1-desktop-grid__row-1 column2-desktop-grid__span-5 column2-desktop-grid__start-7 column2-desktop-grid__row-1 column1-tablet-grid__span-4 column1-tablet-grid__row-1 column2-tablet-grid__span-4 column2-tablet-grid__start-5 column2-tablet-grid__row-1 column1-mobile-grid__span-4 column1-mobile-grid__row-1 column2-mobile-grid__span-4 column2-mobile-grid__row-2\"><!-- wp:jetpack\/layout-grid-column -->\n<div class=\"wp-block-jetpack-layout-grid-column wp-block-jetpack-layout-grid__padding-none\"><!-- wp:heading {\"level\":4} -->\n<h4 class=\"wp-block-heading\">Visi\u00f3n<\/h4>\n<!-- \/wp:heading --><!-- wp:quote -->\n<blockquote class=\"wp-block-quote\"><!-- wp:paragraph {\"align\":\"justify\",\"style\":{\"typography\":{\"fontSize\":\"20px\"}}} -->\n<p class=\"has-text-align-justify\" style=\"font-size: 20px; text-align: left;\">Ser la empresa l\u00edder en asesor\u00eda hipotecaria en Monterrey, reconocida por nuestra dedicaci\u00f3n a la excelencia, innovaci\u00f3n y satisfacci\u00f3n del cliente. Queremos transformar el proceso de obtenci\u00f3n de un cr\u00e9dito hipotecario en una experiencia sencilla, transparente y eficiente para todos nuestros clientes.<\/p>\n<!-- \/wp:paragraph --><\/blockquote>\n<!-- \/wp:quote --><!-- wp:html -->\n<div class=\"wp-block-spacer\" style=\"height: 1px;\" aria-hidden=\"true\">\u00a0<\/div>\n<!-- \/wp:html --><!-- wp:heading {\"level\":4} -->\n<h4 class=\"wp-block-heading\">Misi\u00f3n<\/h4>\n<!-- \/wp:heading --><!-- wp:quote -->\n<blockquote class=\"wp-block-quote\"><!-- wp:paragraph {\"align\":\"justify\",\"style\":{\"typography\":{\"fontSize\":\"20px\"}}} -->\n<p class=\"has-text-align-justify\" style=\"font-size: 20px; text-align: left;\">Nuestra misi\u00f3n es facilitar el acceso a cr\u00e9ditos hipotecarios mediante una asesor\u00eda integral y personalizada, ofreciendo soluciones financieras adecuadas a las necesidades de cada cliente. Nos comprometemos a acompa\u00f1ar a nuestros clientes en cada paso del proceso, asegurando que tomen decisiones informadas y seguras.<\/p>\n<!-- \/wp:paragraph --><\/blockquote>\n<!-- \/wp:quote --><\/div>\n<!-- \/wp:jetpack\/layout-grid-column --><!-- wp:jetpack\/layout-grid-column -->\n<div class=\"wp-block-jetpack-layout-grid-column wp-block-jetpack-layout-grid__padding-none\"><!-- wp:heading {\"level\":4} -->\n<h4 class=\"wp-block-heading\">Valores<\/h4>\n<!-- \/wp:heading --><!-- wp:list -->\n<ul class=\"wp-block-list\"><!-- wp:list-item -->\n<li><strong>Honestidad: <\/strong>Actuamos con integridad y transparencia en todas nuestras interacciones.<\/li>\n<!-- \/wp:list-item --><!-- wp:list-item {\"style\":{\"typography\":{\"fontSize\":\"20px\"}}} -->\n<li style=\"font-size: 20px;\"><strong>Respeto: <\/strong>Valoramos y consideramos las opiniones y necesidades de nuestros clientes y colaboradores.<\/li>\n<!-- \/wp:list-item --><!-- wp:list-item -->\n<li><strong>Lealtad: <\/strong>Nos comprometemos a mantener relaciones duraderas y de confianza con nuestros clientes.<\/li>\n<!-- \/wp:list-item --><!-- wp:list-item -->\n<li><strong>Responsabilidad: <\/strong>Cumplimos con nuestras promesas y nos hacemos responsables de nuestras acciones.<\/li>\n<!-- \/wp:list-item --><!-- wp:list-item -->\n<li><strong>Confianza: <\/strong>Fomentamos un ambiente de confianza y seguridad, asegurando que nuestros clientes se sientan apoyados en todo momento.<\/li>\n<!-- \/wp:list-item --><\/ul>\n<!-- \/wp:list --><\/div>\n<!-- \/wp:jetpack\/layout-grid-column --><\/div>\n<!-- \/wp:jetpack\/layout-grid --><!-- wp:jetpack\/layout-grid {\"column1DesktopSpan\":10,\"column1DesktopOffset\":1,\"column1TabletSpan\":8,\"column1MobileSpan\":4,\"column2DesktopSpan\":6,\"column2DesktopOffset\":1,\"column2TabletSpan\":4,\"column2MobileSpan\":4,\"column3DesktopSpan\":4,\"column3TabletSpan\":8,\"column3MobileSpan\":4,\"align\":\"full\",\"className\":\"column1-desktop-grid__span-10 column1-desktop-grid__start-2 column1-desktop-grid__row-1 column1-tablet-grid__span-8 column1-tablet-grid__row-1 column1-mobile-grid__span-4 column1-mobile-grid__row-1\"} -->\n<div class=\"wp-block-jetpack-layout-grid alignfull column1-desktop-grid__span-10 column1-desktop-grid__start-2 column1-desktop-grid__row-1 column1-tablet-grid__span-8 column1-tablet-grid__row-1 column1-mobile-grid__span-4 column1-mobile-grid__row-1\"><!-- wp:jetpack\/layout-grid-column -->\n<div class=\"wp-block-jetpack-layout-grid-column wp-block-jetpack-layout-grid__padding-none\"><!-- wp:heading {\"level\":4} -->\n<h4>\u00a0<\/h4>\n<h4 class=\"wp-block-heading\"><strong>Equipo Capacitado:<\/strong><\/h4>\n<!-- \/wp:heading --><!-- wp:paragraph {\"align\":\"justify\"} -->\n<p class=\"has-text-align-justify\">Nuestro equipo est\u00e1 compuesto por profesionales con d\u00e9cadas de experiencia en el sector hipotecario. Cada miembro de Hoggar aporta un conocimiento profundo del mercado y una pasi\u00f3n por ayudar a nuestros clientes a alcanzar sus metas. La experiencia acumulada nos permite ofrecer asesor\u00edas precisas y eficaces.<\/p>\n<!-- \/wp:paragraph --><!-- wp:heading {\"level\":4} -->\n<h4 class=\"wp-block-heading\"><strong>Desarrollo Constante:<\/strong><\/h4>\n<!-- \/wp:heading --><!-- wp:paragraph {\"align\":\"justify\"} -->\n<p class=\"has-text-align-justify\">En Hoggar, creemos en la importancia del desarrollo continuo. Nos mantenemos actualizados con las \u00faltimas tendencias y normativas del mercado hipotecario, participando regularmente en capacitaciones y seminarios. Esto nos permite ofrecer siempre las mejores soluciones y asesor\u00edas a nuestros clientes.<\/p>\n<!-- \/wp:paragraph --><!-- wp:heading {\"level\":4} -->\n<h4 class=\"wp-block-heading\"><strong>Alianzas y Convenios con Instituciones Financieras:<\/strong><\/h4>\n<!-- \/wp:heading --><!-- wp:paragraph -->\n<p>Tenemos convenios con las principales instituciones financieras del pa\u00eds, lo que nos permite ofrecer a nuestros clientes una amplia gama de opciones de financiamiento. Estas alianzas estrat\u00e9gicas garantizan que podamos encontrar la soluci\u00f3n hipotecaria que mejor se adapte a las necesidades y circunstancias de cada cliente.<\/p>\n<!-- \/wp:paragraph --><!-- wp:heading {\"level\":4} -->\n<h4 class=\"wp-block-heading\"><strong>Asistencia Personalizada:<\/strong><\/h4>\n<!-- \/wp:heading --><!-- wp:paragraph -->\n<p>Entendemos que cada cliente es \u00fanico, por lo que brindamos una atenci\u00f3n personalizada desde el primer contacto hasta la obtenci\u00f3n del cr\u00e9dito. Nuestro compromiso es estar siempre disponibles para resolver dudas y acompa\u00f1ar a nuestros clientes en cada paso del proceso, asegurando que se sientan apoyados y seguros en todas sus decisiones.<\/p>\n<!-- \/wp:paragraph --><\/div>\n<!-- \/wp:jetpack\/layout-grid-column --><\/div>\n<!-- \/wp:jetpack\/layout-grid --><\/div>\n<p><!-- \/wp:group --><!-- wp:heading {\"textAlign\":\"center\"} --><\/p>\n<h2>\u00a0<\/h2>\n<h2 class=\"wp-block-heading has-text-align-center\">Crezcamos juntos<\/h2>\n<p>\u00a0<\/p>\n<p><!-- \/wp:heading --><!-- wp:paragraph {\"align\":\"justify\"} --><\/p>\n<p class=\"has-text-align-justify\">En Hoggar, creemos en el poder de la colaboraci\u00f3n y la fuerza de las alianzas. Ya sea que est\u00e9s buscando asegurar una hipoteca, explorar oportunidades financieras, o expandir tus conocimientos a trav\u00e9s de nuestros servicios de capacitaci\u00f3n, estamos aqu\u00ed para ayudarte a alcanzar tus metas.<\/p>\n<p>\u00a0<\/p>\n<p><!-- \/wp:paragraph --><!-- wp:buttons --><\/p>\n<div class=\"wp-block-buttons\"><!-- wp:button {\"className\":\"is-style-outline\"} -->\n<div class=\"wp-block-button is-style-outline\"><a class=\"wp-block-button__link wp-element-button\" href=\"https:\/\/hoggar.com.mx\/index.php\/contact\/\">Habla con un experto ahora.<\/a><\/div>\n<!-- \/wp:button --><\/div>\n<p><!-- \/wp:buttons --><!-- wp:paragraph --><\/p>\n<p>\u00a0<\/p>\n<p><!-- \/wp:paragraph --><!-- wp:paragraph --><\/p>\n<p>\u00a0<\/p>\n<p><!-- \/wp:paragraph --><\/p>\t\t\t\t\t\t<\/div>\n\t\t\t\t<\/div>\n\t\t\t\t\t<\/div>\n\t\t\t\t<\/div>\n\t\t\t\t<\/div>\n\t\t","protected":false},"excerpt":{"rendered":"<p>Nosotros \u00a0 En HOGGAR, con m\u00e1s de 40 a\u00f1os de experiencia en el mercado hipotecario, nos dedicamos a ayudar a nuestros clientes a encontrar las mejores soluciones financieras. \u00a0 \u00a0 Quienes somos \u00a0 Hoggar es una oficina certificada de Broker Hipotecario dedicada a asesorar a nuestros clientes en la obtenci\u00f3n de cr\u00e9ditos hipotecarios ya sea<a class=\"more-link\" href=\"https:\/\/hoggar.com.mx\/index.php\/about-2\/\">Continue reading <span class=\"screen-reader-text\">&#8220;Nosotros&#8221;<\/span><\/a><\/p>\n","protected":false},"author":2,"featured_media":0,"parent":0,"menu_order":0,"comment_status":"closed","ping_status":"open","template":"","meta":{"footnotes":""},"class_list":["post-6","page","type-page","status-publish","hentry","entry"],"_links":{"self":[{"href":"https:\/\/hoggar.com.mx\/index.php\/wp-json\/wp\/v2\/pages\/6","targetHints":{"allow":["GET"]}}],"collection":[{"href":"https:\/\/hoggar.com.mx\/index.php\/wp-json\/wp\/v2\/pages"}],"about":[{"href":"https:\/\/hoggar.com.mx\/index.php\/wp-json\/wp\/v2\/types\/page"}],"author":[{"embeddable":true,"href":"https:\/\/hoggar.com.mx\/index.php\/wp-json\/wp\/v2\/users\/2"}],"replies":[{"embeddable":true,"href":"https:\/\/hoggar.com.mx\/index.php\/wp-json\/wp\/v2\/comments?post=6"}],"version-history":[{"count":17,"href":"https:\/\/hoggar.com.mx\/index.php\/wp-json\/wp\/v2\/pages\/6\/revisions"}],"predecessor-version":[{"id":986,"href":"https:\/\/hoggar.com.mx\/index.php\/wp-json\/wp\/v2\/pages\/6\/revisions\/986"}],"wp:attachment":[{"href":"https:\/\/hoggar.com.mx\/index.php\/wp-json\/wp\/v2\/media?parent=6"}],"curies":[{"name":"wp","href":"https:\/\/api.w.org\/{rel}","templated":true}]}}